{"id":249,"date":"2024-11-21T08:52:49","date_gmt":"2024-11-21T11:52:49","guid":{"rendered":"https:\/\/paraguaydeutsche.de\/?page_id=249"},"modified":"2025-02-14T11:08:18","modified_gmt":"2025-02-14T14:08:18","slug":"2-treffen-der-deutschsprachigen-bericht-ausblick","status":"publish","type":"page","link":"https:\/\/paraguaydeutsche.de\/es\/2-treffen-der-deutschsprachigen-bericht-ausblick\/","title":{"rendered":"2. Treffen der Deutschsprachigen &#8211; Bericht &amp; Ausblick"},"content":{"rendered":"<p>[et_pb_section fb_built=&#8220;1&#8243; _builder_version=&#8220;4.27.3&#8243; _module_preset=&#8220;default&#8220; global_colors_info=&#8220;{}&#8220;][et_pb_row _builder_version=&#8220;4.27.3&#8243; _module_preset=&#8220;default&#8220; global_colors_info=&#8220;{}&#8220;][et_pb_column type=&#8220;4_4&#8243; _builder_version=&#8220;4.27.3&#8243; _module_preset=&#8220;default&#8220; global_colors_info=&#8220;{}&#8220;][et_pb_text _builder_version=&#8220;4.27.3&#8243; _module_preset=&#8220;default&#8220; global_colors_info=&#8220;{}&#8220;]<\/p>\n<h1><span>2. Treffen der Deutschsprachigen &#8211; Bericht &amp; Ausblick<\/span><\/h1>\n<p>[\/et_pb_text][et_pb_text _builder_version=&#8220;4.27.3&#8243; _module_preset=&#8220;default&#8220; text_font_size=&#8220;15px&#8220; global_colors_info=&#8220;{}&#8220;]<\/p>\n<p>Wir bedanken uns sehr herzlich f\u00fcr die zahlreiche Beteiligung und die vielen interessanten Diskussionen.<br \/>Es hat uns gro\u00dfe Freude gemacht, einen ganzen Tag lang mit euch eine starke Basis f\u00fcr die Zukunft zu schaffen.<\/p>\n<p>[\/et_pb_text][et_pb_video src=&#8220;https:\/\/youtu.be\/u3KgazNPVsI&#8220; _builder_version=&#8220;4.27.4&#8243; _module_preset=&#8220;default&#8220; hover_enabled=&#8220;0&#8243; sticky_enabled=&#8220;0&#8243;][\/et_pb_video][et_pb_text _builder_version=&#8220;4.27.4&#8243; _module_preset=&#8220;default&#8220; text_font_size=&#8220;15px&#8220; hover_enabled=&#8220;0&#8243; global_colors_info=&#8220;{}&#8220; sticky_enabled=&#8220;0&#8243;]<strong>Unsere Ziele sind:<\/strong><\/p>\n<p>\u2714\ufe0f Paraguay zu einem Ort des Zusammenhalts und der gegenseitigen Unterst\u00fctzung zu machen<br \/>\n\u2714\ufe0f F\u00f6rderung des Austauschs auf privater und gesch\u00e4ftlicher Ebene<br \/>\n\u2714\ufe0f Professionelle Betreuung und Organisation f\u00fcr eine nachhaltige Gemeinschaft<br \/>\n\u2714\ufe0f Aufbau einer Webplattform mit Eventkalender und Wissensdatenbank<\/p>\n<p><strong>Die Highlights des Treffens waren:<\/strong><\/p>\n<p>\ud83d\udca5 ein Gro\u00dfteil der Teilnehmer haben sich schon committed: Mit Eurem Engagement legen wir den Grundstein f\u00fcr eine aktive, starke Gemeinschaft.<br \/>\n\ud83d\udca5 Technik-Team im Aufbau: Die ersten Schritte f\u00fcr eine Webplattform mit &#8222;gelben Seiten&#8220;, Wissensbereich und Eventkalender sind getan.<br \/>\n\ud83d\udca5 Andrea und Dominik \u00fcbernehmen die Community-Betreuung: F\u00fcr Fragen, Austausch und Unterst\u00fctzung stehen sie Euch zur Seite.<\/p>\n<p>Vielen Dank an alle, die bereits Teil dieser Vision sind \u2013 und an alle, die sich uns noch anschlie\u00dfen wollen!<\/p>\n<p><a href=\"https:\/\/paraguaydeutsche.de\/mitgliedschaft\/\" target=\"_blank\" rel=\"noopener\" style=\"font-size:20px;\">Hier Mitglied werden<\/a>[\/et_pb_text][et_pb_image src=&#8220;https:\/\/paraguaydeutsche.de\/wp-content\/uploads\/2024\/11\/generalversammlung_foto_2024.jpg&#8220; title_text=&#8220;generalversammlung_foto_2024&#8243; _builder_version=&#8220;4.27.4&#8243; _module_preset=&#8220;default&#8220; hover_enabled=&#8220;0&#8243; global_colors_info=&#8220;{}&#8220; sticky_enabled=&#8220;0&#8243;][\/et_pb_image][et_pb_text _builder_version=&#8220;4.27.4&#8243; _module_preset=&#8220;default&#8220; hover_enabled=&#8220;0&#8243; global_colors_info=&#8220;{}&#8220; sticky_enabled=&#8220;0&#8243;]<\/p>\n<p><strong>Deine M\u00f6glichkeiten zur Teilnahme:<\/strong><\/p>\n<p>\ud83d\udca1 <strong>Idealistische Mitgliedschaft:<\/strong> Jahresbeitrag 600.000 GS (entspricht 50.000 GS\/Monat) \u2013 Unterst\u00fctze die Initiative und erhalte Zugang zu den Basisfunktionen der Community, ideal f\u00fcr Menschen ohne Business-Interesse.<\/p>\n<p>\ud83d\udcbc <strong>Passive Business Mitgliedschaft:<\/strong><br \/>2.400.000 GS\/Jahr (entspricht 200.000 GS \/Monat) \u2013 mit &#8222;gelbe Seiten&#8220;-Eintrag und der M\u00f6glichkeit Dir in der Business-Community Vertrauen aufzubauen und Empfehlungen zu erhalten.<\/p>\n<p>\ud83c\udf0e <strong>Aktive Business Mitgliedschaft:<\/strong><br \/>Nur auf Anfrage<\/p>\n<p><strong>Familienmitgliedschaft:<\/strong><br \/>Das erste Mitglied der Familie zahlt den vollen Beitrag.<br \/>Partner zahlen 50 %.<br \/>Minderj\u00e4hrige Kinder sind beitragsfrei.<\/p>\n<p>\ud83c\udf9f <strong>Unterst\u00fctzung ohne Mitgliedschaft:<\/strong> Mit einem 99 \u20ac-Ticket kannst Du die Initiative finanziell f\u00f6rdern, auch ohne beizutreten.<\/p>\n<p>Hinweisen wollen wir noch auf den im letzten Jahr entstandenen <strong>Lateinamerika Business Club:<\/strong> Exklusive Vorteile durch aktive Community und professionelle Moderation, Business Mastermind und regelm\u00e4\u00dfige Business Speed Dating Veranstaltungen.<\/p>\n<p>Vielen Dank f\u00fcr euer Interesse und aktive Teilnahme an einer gemeinsamen starken Gemeinschaft in Paraguay<\/p>\n<p>euer motiviertes Team bestehend aus<\/p>\n<p>Andrea, Dominik, Roman<\/p>\n<p>[\/et_pb_text][\/et_pb_column][\/et_pb_row][\/et_pb_section]<\/p>\n","protected":false},"excerpt":{"rendered":"<p>2. Treffen der Deutschsprachigen &#8211; Bericht &amp; AusblickWir bedanken uns sehr herzlich f\u00fcr die zahlreiche Beteiligung und die vielen interessanten Diskussionen.Es hat uns gro\u00dfe Freude gemacht, einen ganzen Tag lang mit euch eine starke Basis f\u00fcr die Zukunft zu schaffen.Unsere Ziele sind: \u2714\ufe0f Paraguay zu einem Ort des Zusammenhalts und der gegenseitigen Unterst\u00fctzung zu machen [&hellip;]<\/p>\n","protected":false},"author":1,"featured_media":0,"parent":0,"menu_order":0,"comment_status":"closed","ping_status":"closed","template":"","meta":{"_et_pb_use_builder":"on","_et_pb_old_content":"","_et_gb_content_width":"","footnotes":""},"class_list":["post-249","page","type-page","status-publish","hentry"],"yoast_head":"<!-- This site is optimized with the Yoast SEO plugin v27.5 - https:\/\/yoast.com\/product\/yoast-seo-wordpress\/ -->\n<title>2. Treffen der Deutschsprachigen - Bericht &amp; Ausblick - Gemeinschaft der Deutschsprachigen in Paraguay<\/title>\n<meta name=\"robots\" content=\"index, follow, max-snippet:-1, max-image-preview:large, max-video-preview:-1\" \/>\n<link rel=\"canonical\" href=\"https:\/\/paraguaydeutsche.de\/es\/2-treffen-der-deutschsprachigen-bericht-ausblick\/\" \/>\n<meta property=\"og:locale\" content=\"es_ES\" \/>\n<meta property=\"og:type\" content=\"article\" \/>\n<meta property=\"og:title\" content=\"2. Treffen der Deutschsprachigen - Bericht &amp; Ausblick - Gemeinschaft der Deutschsprachigen in Paraguay\" \/>\n<meta property=\"og:description\" content=\"2. Treffen der Deutschsprachigen - Bericht &amp; AusblickWir bedanken uns sehr herzlich f\u00fcr die zahlreiche Beteiligung und die vielen interessanten Diskussionen.Es hat uns gro\u00dfe Freude gemacht, einen ganzen Tag lang mit euch eine starke Basis f\u00fcr die Zukunft zu schaffen.Unsere Ziele sind: \u2714\ufe0f Paraguay zu einem Ort des Zusammenhalts und der gegenseitigen Unterst\u00fctzung zu machen [&hellip;]\" \/>\n<meta property=\"og:url\" content=\"https:\/\/paraguaydeutsche.de\/es\/2-treffen-der-deutschsprachigen-bericht-ausblick\/\" \/>\n<meta property=\"og:site_name\" content=\"Gemeinschaft der Deutschsprachigen in Paraguay\" \/>\n<meta property=\"article:modified_time\" content=\"2025-02-14T14:08:18+00:00\" \/>\n<meta name=\"twitter:card\" content=\"summary_large_image\" \/>\n<script type=\"application\/ld+json\" class=\"yoast-schema-graph\">{\"@context\":\"https:\\\/\\\/schema.org\",\"@graph\":[{\"@type\":\"WebPage\",\"@id\":\"https:\\\/\\\/paraguaydeutsche.de\\\/2-treffen-der-deutschsprachigen-bericht-ausblick\\\/\",\"url\":\"https:\\\/\\\/paraguaydeutsche.de\\\/2-treffen-der-deutschsprachigen-bericht-ausblick\\\/\",\"name\":\"2. Treffen der Deutschsprachigen - Bericht &amp; Ausblick - Gemeinschaft der Deutschsprachigen in Paraguay\",\"isPartOf\":{\"@id\":\"https:\\\/\\\/paraguaydeutsche.de\\\/#website\"},\"datePublished\":\"2024-11-21T11:52:49+00:00\",\"dateModified\":\"2025-02-14T14:08:18+00:00\",\"breadcrumb\":{\"@id\":\"https:\\\/\\\/paraguaydeutsche.de\\\/2-treffen-der-deutschsprachigen-bericht-ausblick\\\/#breadcrumb\"},\"inLanguage\":\"es\",\"potentialAction\":[{\"@type\":\"ReadAction\",\"target\":[\"https:\\\/\\\/paraguaydeutsche.de\\\/2-treffen-der-deutschsprachigen-bericht-ausblick\\\/\"]}]},{\"@type\":\"BreadcrumbList\",\"@id\":\"https:\\\/\\\/paraguaydeutsche.de\\\/2-treffen-der-deutschsprachigen-bericht-ausblick\\\/#breadcrumb\",\"itemListElement\":[{\"@type\":\"ListItem\",\"position\":1,\"name\":\"Startseite\",\"item\":\"https:\\\/\\\/paraguaydeutsche.de\\\/\"},{\"@type\":\"ListItem\",\"position\":2,\"name\":\"2. Treffen der Deutschsprachigen &#8211; Bericht &amp; Ausblick\"}]},{\"@type\":\"WebSite\",\"@id\":\"https:\\\/\\\/paraguaydeutsche.de\\\/#website\",\"url\":\"https:\\\/\\\/paraguaydeutsche.de\\\/\",\"name\":\"Gemeinschaft der Deutschsprachigen in Paraguay\",\"description\":\"Bewahrung deutscher Kultur, Netzwerken und gemeinsame Aktivit\u00e4ten\",\"potentialAction\":[{\"@type\":\"SearchAction\",\"target\":{\"@type\":\"EntryPoint\",\"urlTemplate\":\"https:\\\/\\\/paraguaydeutsche.de\\\/?s={search_term_string}\"},\"query-input\":{\"@type\":\"PropertyValueSpecification\",\"valueRequired\":true,\"valueName\":\"search_term_string\"}}],\"inLanguage\":\"es\"}]}<\/script>\n<!-- \/ Yoast SEO plugin. -->","yoast_head_json":{"title":"2. Treffen der Deutschsprachigen - Bericht &amp; Ausblick - Gemeinschaft der Deutschsprachigen in Paraguay","robots":{"index":"index","follow":"follow","max-snippet":"max-snippet:-1","max-image-preview":"max-image-preview:large","max-video-preview":"max-video-preview:-1"},"canonical":"https:\/\/paraguaydeutsche.de\/es\/2-treffen-der-deutschsprachigen-bericht-ausblick\/","og_locale":"es_ES","og_type":"article","og_title":"2. Treffen der Deutschsprachigen - Bericht &amp; Ausblick - Gemeinschaft der Deutschsprachigen in Paraguay","og_description":"2. Treffen der Deutschsprachigen - Bericht &amp; AusblickWir bedanken uns sehr herzlich f\u00fcr die zahlreiche Beteiligung und die vielen interessanten Diskussionen.Es hat uns gro\u00dfe Freude gemacht, einen ganzen Tag lang mit euch eine starke Basis f\u00fcr die Zukunft zu schaffen.Unsere Ziele sind: \u2714\ufe0f Paraguay zu einem Ort des Zusammenhalts und der gegenseitigen Unterst\u00fctzung zu machen [&hellip;]","og_url":"https:\/\/paraguaydeutsche.de\/es\/2-treffen-der-deutschsprachigen-bericht-ausblick\/","og_site_name":"Gemeinschaft der Deutschsprachigen in Paraguay","article_modified_time":"2025-02-14T14:08:18+00:00","twitter_card":"summary_large_image","schema":{"@context":"https:\/\/schema.org","@graph":[{"@type":"WebPage","@id":"https:\/\/paraguaydeutsche.de\/2-treffen-der-deutschsprachigen-bericht-ausblick\/","url":"https:\/\/paraguaydeutsche.de\/2-treffen-der-deutschsprachigen-bericht-ausblick\/","name":"2. Treffen der Deutschsprachigen - Bericht &amp; Ausblick - Gemeinschaft der Deutschsprachigen in Paraguay","isPartOf":{"@id":"https:\/\/paraguaydeutsche.de\/#website"},"datePublished":"2024-11-21T11:52:49+00:00","dateModified":"2025-02-14T14:08:18+00:00","breadcrumb":{"@id":"https:\/\/paraguaydeutsche.de\/2-treffen-der-deutschsprachigen-bericht-ausblick\/#breadcrumb"},"inLanguage":"es","potentialAction":[{"@type":"ReadAction","target":["https:\/\/paraguaydeutsche.de\/2-treffen-der-deutschsprachigen-bericht-ausblick\/"]}]},{"@type":"BreadcrumbList","@id":"https:\/\/paraguaydeutsche.de\/2-treffen-der-deutschsprachigen-bericht-ausblick\/#breadcrumb","itemListElement":[{"@type":"ListItem","position":1,"name":"Startseite","item":"https:\/\/paraguaydeutsche.de\/"},{"@type":"ListItem","position":2,"name":"2. Treffen der Deutschsprachigen &#8211; Bericht &amp; Ausblick"}]},{"@type":"WebSite","@id":"https:\/\/paraguaydeutsche.de\/#website","url":"https:\/\/paraguaydeutsche.de\/","name":"Gemeinschaft der Deutschsprachigen in Paraguay","description":"Bewahrung deutscher Kultur, Netzwerken und gemeinsame Aktivit\u00e4ten","potentialAction":[{"@type":"SearchAction","target":{"@type":"EntryPoint","urlTemplate":"https:\/\/paraguaydeutsche.de\/?s={search_term_string}"},"query-input":{"@type":"PropertyValueSpecification","valueRequired":true,"valueName":"search_term_string"}}],"inLanguage":"es"}]}},"_links":{"self":[{"href":"https:\/\/paraguaydeutsche.de\/es\/wp-json\/wp\/v2\/pages\/249","targetHints":{"allow":["GET"]}}],"collection":[{"href":"https:\/\/paraguaydeutsche.de\/es\/wp-json\/wp\/v2\/pages"}],"about":[{"href":"https:\/\/paraguaydeutsche.de\/es\/wp-json\/wp\/v2\/types\/page"}],"author":[{"embeddable":true,"href":"https:\/\/paraguaydeutsche.de\/es\/wp-json\/wp\/v2\/users\/1"}],"replies":[{"embeddable":true,"href":"https:\/\/paraguaydeutsche.de\/es\/wp-json\/wp\/v2\/comments?post=249"}],"version-history":[{"count":7,"href":"https:\/\/paraguaydeutsche.de\/es\/wp-json\/wp\/v2\/pages\/249\/revisions"}],"predecessor-version":[{"id":284,"href":"https:\/\/paraguaydeutsche.de\/es\/wp-json\/wp\/v2\/pages\/249\/revisions\/284"}],"wp:attachment":[{"href":"https:\/\/paraguaydeutsche.de\/es\/wp-json\/wp\/v2\/media?parent=249"}],"curies":[{"name":"wp","href":"https:\/\/api.w.org\/{rel}","templated":true}]}}

<p>[et_pb_section fb_built=&#8220;1&#8243; _builder_version=&#8220;4.27.3&#8243; _module_preset=&#8220;default&#8220; global_colors_info=&#8220;{}&#8220;][et_pb_row _builder_version=&#8220;4.27.3&#8243; _module_preset=&#8220;default&#8220; global_colors_info=&#8220;{}&#8220;][et_pb_column type=&#8220;4_4&#8243; _builder_version=&#8220;4.27.3&#8243; _module_preset=&#8220;default&#8220; global_colors_info=&#8220;{}&#8220;][et_pb_text _builder_version=&#8220;4.27.3&#8243; _module_preset=&#8220;default&#8220; global_colors_info=&#8220;{}&#8220;]</p>
<h1><span>2. Treffen der Deutschsprachigen &#8211; Bericht &amp; Ausblick</span></h1>
<p>[/et_pb_text][et_pb_text _builder_version=&#8220;4.27.3&#8243; _module_preset=&#8220;default&#8220; text_font_size=&#8220;15px&#8220; global_colors_info=&#8220;{}&#8220;]</p>
<p>Wir bedanken uns sehr herzlich für die zahlreiche Beteiligung und die vielen interessanten Diskussionen.<br />Es hat uns große Freude gemacht, einen ganzen Tag lang mit euch eine starke Basis für die Zukunft zu schaffen.</p>
<p>[/et_pb_text][et_pb_video src=&#8220;https://youtu.be/u3KgazNPVsI&#8220; _builder_version=&#8220;4.27.4&#8243; _module_preset=&#8220;default&#8220; hover_enabled=&#8220;0&#8243; sticky_enabled=&#8220;0&#8243;][/et_pb_video][et_pb_text _builder_version=&#8220;4.27.4&#8243; _module_preset=&#8220;default&#8220; text_font_size=&#8220;15px&#8220; hover_enabled=&#8220;0&#8243; global_colors_info=&#8220;{}&#8220; sticky_enabled=&#8220;0&#8243;]<strong>Unsere Ziele sind:</strong></p>
<p>✔️ Paraguay zu einem Ort des Zusammenhalts und der gegenseitigen Unterstützung zu machen<br />
✔️ Förderung des Austauschs auf privater und geschäftlicher Ebene<br />
✔️ Professionelle Betreuung und Organisation für eine nachhaltige Gemeinschaft<br />
✔️ Aufbau einer Webplattform mit Eventkalender und Wissensdatenbank</p>
<p><strong>Die Highlights des Treffens waren:</strong></p>
<p>💥 ein Großteil der Teilnehmer haben sich schon committed: Mit Eurem Engagement legen wir den Grundstein für eine aktive, starke Gemeinschaft.<br />
💥 Technik-Team im Aufbau: Die ersten Schritte für eine Webplattform mit &#8222;gelben Seiten&#8220;, Wissensbereich und Eventkalender sind getan.<br />
💥 Andrea und Dominik übernehmen die Community-Betreuung: Für Fragen, Austausch und Unterstützung stehen sie Euch zur Seite.</p>
<p>Vielen Dank an alle, die bereits Teil dieser Vision sind – und an alle, die sich uns noch anschließen wollen!</p>
<p><a href="https://paraguaydeutsche.de/mitgliedschaft/" target="_blank" rel="noopener" style="font-size:20px;">Hier Mitglied werden</a>[/et_pb_text][et_pb_image src=&#8220;https://paraguaydeutsche.de/wp-content/uploads/2024/11/generalversammlung_foto_2024.jpg&#8220; title_text=&#8220;generalversammlung_foto_2024&#8243; _builder_version=&#8220;4.27.4&#8243; _module_preset=&#8220;default&#8220; hover_enabled=&#8220;0&#8243; global_colors_info=&#8220;{}&#8220; sticky_enabled=&#8220;0&#8243;][/et_pb_image][et_pb_text _builder_version=&#8220;4.27.4&#8243; _module_preset=&#8220;default&#8220; hover_enabled=&#8220;0&#8243; global_colors_info=&#8220;{}&#8220; sticky_enabled=&#8220;0&#8243;]</p>
<p><strong>Deine Möglichkeiten zur Teilnahme:</strong></p>
<p>💡 <strong>Idealistische Mitgliedschaft:</strong> Jahresbeitrag 600.000 GS (entspricht 50.000 GS/Monat) – Unterstütze die Initiative und erhalte Zugang zu den Basisfunktionen der Community, ideal für Menschen ohne Business-Interesse.</p>
<p>💼 <strong>Passive Business Mitgliedschaft:</strong><br />2.400.000 GS/Jahr (entspricht 200.000 GS /Monat) – mit &#8222;gelbe Seiten&#8220;-Eintrag und der Möglichkeit Dir in der Business-Community Vertrauen aufzubauen und Empfehlungen zu erhalten.</p>
<p>🌎 <strong>Aktive Business Mitgliedschaft:</strong><br />Nur auf Anfrage</p>
<p><strong>Familienmitgliedschaft:</strong><br />Das erste Mitglied der Familie zahlt den vollen Beitrag.<br />Partner zahlen 50 %.<br />Minderjährige Kinder sind beitragsfrei.</p>
<p>🎟 <strong>Unterstützung ohne Mitgliedschaft:</strong> Mit einem 99 €-Ticket kannst Du die Initiative finanziell fördern, auch ohne beizutreten.</p>
<p>Hinweisen wollen wir noch auf den im letzten Jahr entstandenen <strong>Lateinamerika Business Club:</strong> Exklusive Vorteile durch aktive Community und professionelle Moderation, Business Mastermind und regelmäßige Business Speed Dating Veranstaltungen.</p>
<p>Vielen Dank für euer Interesse und aktive Teilnahme an einer gemeinsamen starken Gemeinschaft in Paraguay</p>
<p>euer motiviertes Team bestehend aus</p>
<p>Andrea, Dominik, Roman</p>
<p>[/et_pb_text][/et_pb_column][/et_pb_row][/et_pb_section]</p>

<p>2. Treffen der Deutschsprachigen &#8211; Bericht &amp; AusblickWir bedanken uns sehr herzlich für die zahlreiche Beteiligung und die vielen interessanten Diskussionen.Es hat uns große Freude gemacht, einen ganzen Tag lang mit euch eine starke Basis für die Zukunft zu schaffen.Unsere Ziele sind: ✔️ Paraguay zu einem Ort des Zusammenhalts und der gegenseitigen Unterstützung zu machen [&hellip;]</p>

<!-- This site is optimized with the Yoast SEO plugin v27.5 - https://yoast.com/product/yoast-seo-wordpress/ -->
<title>2. Treffen der Deutschsprachigen - Bericht &amp; Ausblick - Gemeinschaft der Deutschsprachigen in Paraguay</title>
<meta name="robots" content="index, follow, max-snippet:-1, max-image-preview:large, max-video-preview:-1" />
<link rel="canonical" href="https://paraguaydeutsche.de/es/2-treffen-der-deutschsprachigen-bericht-ausblick/" />
<meta property="og:locale" content="es_ES" />
<meta property="og:type" content="article" />
<meta property="og:title" content="2. Treffen der Deutschsprachigen - Bericht &amp; Ausblick - Gemeinschaft der Deutschsprachigen in Paraguay" />
<meta property="og:description" content="2. Treffen der Deutschsprachigen - Bericht &amp; AusblickWir bedanken uns sehr herzlich für die zahlreiche Beteiligung und die vielen interessanten Diskussionen.Es hat uns große Freude gemacht, einen ganzen Tag lang mit euch eine starke Basis für die Zukunft zu schaffen.Unsere Ziele sind: ✔️ Paraguay zu einem Ort des Zusammenhalts und der gegenseitigen Unterstützung zu machen [&hellip;]" />
<meta property="og:url" content="https://paraguaydeutsche.de/es/2-treffen-der-deutschsprachigen-bericht-ausblick/" />
<meta property="og:site_name" content="Gemeinschaft der Deutschsprachigen in Paraguay" />
<meta property="article:modified_time" content="2025-02-14T14:08:18+00:00" />
<meta name="twitter:card" content="summary_large_image" />
<script type="application/ld+json" class="yoast-schema-graph">{"@context":"https:\/\/schema.org","@graph":[{"@type":"WebPage","@id":"https:\/\/paraguaydeutsche.de\/2-treffen-der-deutschsprachigen-bericht-ausblick\/","url":"https:\/\/paraguaydeutsche.de\/2-treffen-der-deutschsprachigen-bericht-ausblick\/","name":"2. Treffen der Deutschsprachigen - Bericht &amp; Ausblick - Gemeinschaft der Deutschsprachigen in Paraguay","isPartOf":{"@id":"https:\/\/paraguaydeutsche.de\/#website"},"datePublished":"2024-11-21T11:52:49+00:00","dateModified":"2025-02-14T14:08:18+00:00","breadcrumb":{"@id":"https:\/\/paraguaydeutsche.de\/2-treffen-der-deutschsprachigen-bericht-ausblick\/#breadcrumb"},"inLanguage":"es","potentialAction":[{"@type":"ReadAction","target":["https:\/\/paraguaydeutsche.de\/2-treffen-der-deutschsprachigen-bericht-ausblick\/"]}]},{"@type":"BreadcrumbList","@id":"https:\/\/paraguaydeutsche.de\/2-treffen-der-deutschsprachigen-bericht-ausblick\/#breadcrumb","itemListElement":[{"@type":"ListItem","position":1,"name":"Startseite","item":"https:\/\/paraguaydeutsche.de\/"},{"@type":"ListItem","position":2,"name":"2. Treffen der Deutschsprachigen &#8211; Bericht &amp; Ausblick"}]},{"@type":"WebSite","@id":"https:\/\/paraguaydeutsche.de\/#website","url":"https:\/\/paraguaydeutsche.de\/","name":"Gemeinschaft der Deutschsprachigen in Paraguay","description":"Bewahrung deutscher Kultur, Netzwerken und gemeinsame Aktivitäten","potentialAction":[{"@type":"SearchAction","target":{"@type":"EntryPoint","urlTemplate":"https:\/\/paraguaydeutsche.de\/?s={search_term_string}"},"query-input":{"@type":"PropertyValueSpecification","valueRequired":true,"valueName":"search_term_string"}}],"inLanguage":"es"}]}</script>
<!-- / Yoast SEO plugin. -->

2. Treffen der Deutschsprachigen - Bericht &amp; AusblickWir bedanken uns sehr herzlich für die zahlreiche Beteiligung und die vielen interessanten Diskussionen.Es hat uns große Freude gemacht, einen ganzen Tag lang mit euch eine starke Basis für die Zukunft zu schaffen.Unsere Ziele sind: ✔️ Paraguay zu einem Ort des Zusammenhalts und der gegenseitigen Unterstützung zu machen [&hellip;]

Bewahrung deutscher Kultur, Netzwerken und gemeinsame Aktivitäten
